[INFO] fetching crate tokio-cache 0.2.0-alpha.1...
[INFO] checking tokio-cache-0.2.0-alpha.1 against master#af3c6e733a40e671550e0f0f5aeecaa13772ba56 for pr-74989
[INFO] extracting crate tokio-cache 0.2.0-alpha.1 into /workspace/builds/worker-8/source
[INFO] validating manifest of crates.io crate tokio-cache 0.2.0-alpha.1 on toolchain af3c6e733a40e671550e0f0f5aeecaa13772ba56
[INFO] running `Command { std: "/workspace/cargo-home/bin/cargo" "+af3c6e733a40e671550e0f0f5aeecaa13772ba56" "read-manifest" "--manifest-path" "Cargo.toml", kill_on_drop: false }`
[INFO] started tweaking crates.io crate tokio-cache 0.2.0-alpha.1
[INFO] finished tweaking crates.io crate tokio-cache 0.2.0-alpha.1
[INFO] tweaked toml for crates.io crate tokio-cache 0.2.0-alpha.1 written to /workspace/builds/worker-8/source/Cargo.toml
[INFO] running `Command { std: "/workspace/cargo-home/bin/cargo" "+af3c6e733a40e671550e0f0f5aeecaa13772ba56" "generate-lockfile" "--manifest-path" "Cargo.toml" "-Zno-index-update", kill_on_drop: false }`
[INFO] [stderr]     Blocking waiting for file lock on package cache
[INFO] running `Command { std: "/workspace/cargo-home/bin/cargo" "+af3c6e733a40e671550e0f0f5aeecaa13772ba56" "fetch" "--locked" "--manifest-path" "Cargo.toml", kill_on_drop: false }`
[INFO] [stderr]     Blocking waiting for file lock on package cache
[INFO] running `Command { std: "docker" "create" "-v" "/var/lib/crater-agent-workspace/builds/worker-8/target:/opt/rustwide/target:rw,Z" "-v" "/var/lib/crater-agent-workspace/builds/worker-8/source:/opt/rustwide/workdir:ro,Z" "-v" "/var/lib/crater-agent-workspace/cargo-home:/opt/rustwide/cargo-home:ro,Z" "-v" "/var/lib/crater-agent-workspace/rustup-home:/opt/rustwide/rustup-home:ro,Z" "-e" "SOURCE_DIR=/opt/rustwide/workdir" "-e" "CARGO_TARGET_DIR=/opt/rustwide/target" "-e" "CARGO_HOME=/opt/rustwide/cargo-home" "-e" "RUSTUP_HOME=/opt/rustwide/rustup-home" "-w" "/opt/rustwide/workdir" "-m" "1610612736" "--user" "0:0" "--network" "none" "rustops/crates-build-env@sha256:d92eaeed33fa75130ca1ee6c8a01d1ffb62bac859dfdfb3450e3e5d1c0146529" "/opt/rustwide/cargo-home/bin/cargo" "+af3c6e733a40e671550e0f0f5aeecaa13772ba56" "metadata" "--no-deps" "--format-version=1", kill_on_drop: false }`
[INFO] [stderr] WARNING: Your kernel does not support swap limit capabilities or the cgroup is not mounted. Memory limited without swap.
[INFO] [stdout] 926ed836ac9b4f286259410c0d1f34ed37ee8a159698131dde23302ddd3f133c
[INFO] running `Command { std: "docker" "start" "-a" "926ed836ac9b4f286259410c0d1f34ed37ee8a159698131dde23302ddd3f133c", kill_on_drop: false }`
[INFO] running `Command { std: "docker" "inspect" "926ed836ac9b4f286259410c0d1f34ed37ee8a159698131dde23302ddd3f133c", kill_on_drop: false }`
[INFO] running `Command { std: "docker" "rm" "-f" "926ed836ac9b4f286259410c0d1f34ed37ee8a159698131dde23302ddd3f133c", kill_on_drop: false }`
[INFO] [stdout] 926ed836ac9b4f286259410c0d1f34ed37ee8a159698131dde23302ddd3f133c
[INFO] running `Command { std: "docker" "create" "-v" "/var/lib/crater-agent-workspace/builds/worker-8/target:/opt/rustwide/target:rw,Z" "-v" "/var/lib/crater-agent-workspace/builds/worker-8/source:/opt/rustwide/workdir:ro,Z" "-v" "/var/lib/crater-agent-workspace/cargo-home:/opt/rustwide/cargo-home:ro,Z" "-v" "/var/lib/crater-agent-workspace/rustup-home:/opt/rustwide/rustup-home:ro,Z" "-e" "SOURCE_DIR=/opt/rustwide/workdir" "-e" "CARGO_TARGET_DIR=/opt/rustwide/target" "-e" "CARGO_INCREMENTAL=0" "-e" "RUST_BACKTRACE=full" "-e" "RUSTFLAGS=--cap-lints=forbid" "-e" "CARGO_HOME=/opt/rustwide/cargo-home" "-e" "RUSTUP_HOME=/opt/rustwide/rustup-home" "-w" "/opt/rustwide/workdir" "-m" "1610612736" "--user" "0:0" "--network" "none" "rustops/crates-build-env@sha256:d92eaeed33fa75130ca1ee6c8a01d1ffb62bac859dfdfb3450e3e5d1c0146529" "/opt/rustwide/cargo-home/bin/cargo" "+af3c6e733a40e671550e0f0f5aeecaa13772ba56" "check" "--frozen" "--all" "--all-targets" "--message-format=json", kill_on_drop: false }`
[INFO] [stderr] WARNING: Your kernel does not support swap limit capabilities or the cgroup is not mounted. Memory limited without swap.
[INFO] [stdout] b31085c13ff80eeefcc423598b0ceb5941eaca8e753f3f9eb99b875b2a53eb02
[INFO] running `Command { std: "docker" "start" "-a" "b31085c13ff80eeefcc423598b0ceb5941eaca8e753f3f9eb99b875b2a53eb02", kill_on_drop: false }`
[INFO] [stderr]    Compiling byteorder v1.3.4
[INFO] [stderr]    Compiling syn v1.0.40
[INFO] [stderr]     Checking futures-core-preview v0.3.0-alpha.19
[INFO] [stderr]     Checking regex-syntax v0.6.18
[INFO] [stderr]     Checking half v1.6.0
[INFO] [stderr]    Compiling num-traits v0.2.12
[INFO] [stderr]    Compiling rayon v1.4.0
[INFO] [stderr]     Checking itertools v0.9.0
[INFO] [stderr]     Checking tokio v0.2.22
[INFO] [stderr]     Checking atty v0.2.14
[INFO] [stderr]    Compiling cast v0.2.3
[INFO] [stderr]    Compiling im v13.0.0
[INFO] [stderr]     Checking clap v2.33.3
[INFO] [stderr]     Checking serde_json v1.0.57
[INFO] [stderr]     Checking sized-chunks v0.3.1
[INFO] [stderr]     Checking futures-util-preview v0.3.0-alpha.19
[INFO] [stderr]     Checking crossbeam-channel v0.4.4
[INFO] [stderr]     Checking serde_cbor v0.11.1
[INFO] [stderr]     Checking rayon-core v1.8.0
[INFO] [stderr]     Checking tinytemplate v1.1.0
[INFO] [stderr]     Checking regex-automata v0.1.9
[INFO] [stderr]     Checking criterion-plot v0.4.3
[INFO] [stderr]     Checking bstr v0.2.13
[INFO] [stderr]     Checking regex v1.3.9
[INFO] [stderr]     Checking csv v1.1.3
[INFO] [stderr]     Checking plotters v0.2.15
[INFO] [stderr]     Checking tokio-sync v0.2.0-alpha.6
[INFO] [stderr]     Checking tokio-cache v0.2.0-alpha.1 (/opt/rustwide/workdir)
[INFO] [stderr]    Compiling serde_derive v1.0.116
[INFO] [stderr]     Checking criterion v0.3.3
[INFO] [stdout] error[E0433]: failed to resolve: could not find `test` in `tokio`
[INFO] [stdout]   --> src/async_cache.rs:92:14
[INFO] [stdout]    |
[INFO] [stdout] 92 |     #[tokio::test]
[INFO] [stdout]    |              ^^^^ could not find `test` in `tokio`
[INFO] [stdout] 
[INFO] [stdout] 
[INFO] [stdout] error[E0433]: failed to resolve: could not find `test` in `tokio`
[INFO] [stdout]    --> src/async_cache.rs:104:14
[INFO] [stdout]     |
[INFO] [stdout] 104 |     #[tokio::test]
[INFO] [stdout]     |              ^^^^ could not find `test` in `tokio`
[INFO] [stdout] 
[INFO] [stdout] 
[INFO] [stdout] error[E0433]: failed to resolve: could not find `test` in `tokio`
[INFO] [stdout]    --> src/core.rs:161:14
[INFO] [stdout]     |
[INFO] [stdout] 161 |     #[tokio::test]
[INFO] [stdout]     |              ^^^^ could not find `test` in `tokio`
[INFO] [stdout] 
[INFO] [stdout] 
[INFO] [stdout] error[E0433]: failed to resolve: could not find `test` in `tokio`
[INFO] [stdout]    --> src/core.rs:175:14
[INFO] [stdout]     |
[INFO] [stdout] 175 |     #[tokio::test]
[INFO] [stdout]     |              ^^^^ could not find `test` in `tokio`
[INFO] [stdout] 
[INFO] [stdout] 
[INFO] [stdout] error[E0432]: unresolved import `tokio::runtime::current_thread`
[INFO] [stdout]  --> benches/bench.rs:8:21
[INFO] [stdout]   |
[INFO] [stdout] 8 | use tokio::runtime::current_thread::Runtime;
[INFO] [stdout]   |                     ^^^^^^^^^^^^^^ could not find `current_thread` in `runtime`
[INFO] [stdout] 
[INFO] [stdout] 
[INFO] [stdout] error[E0282]: type annotations needed
[INFO] [stdout]   --> benches/bench.rs:93:13
[INFO] [stdout]    |
[INFO] [stdout] 93 |             runtime.block_on(cache.write(key, async { Result::<_, ()>::Ok(value) })).unwrap();
[INFO] [stdout]    |             ^^^^^^^ cannot infer type
[INFO] [stdout]    |
[INFO] [stdout]    = note: type must be known at this point
[INFO] [stdout] 
[INFO] [stdout] 
[INFO] [stdout] error: aborting due to 2 previous errors
[INFO] [stdout] 
[INFO] [stdout] 
[INFO] [stdout] Some errors have detailed explanations: E0282, E0432.
[INFO] [stdout] 
[INFO] [stdout] For more information about an error, try `rustc --explain E0282`.
[INFO] [stdout] 
[INFO] [stderr] error: could not compile `tokio-cache`.
[INFO] [stderr] 
[INFO] [stderr] To learn more, run the command again with --verbose.
[INFO] [stderr] warning: build failed, waiting for other jobs to finish...
[INFO] [stdout] error: aborting due to 4 previous errors
[INFO] [stdout] 
[INFO] [stdout] 
[INFO] [stdout] For more information about this error, try `rustc --explain E0433`.
[INFO] [stdout] 
[INFO] [stderr] error: build failed
[INFO] running `Command { std: "docker" "inspect" "b31085c13ff80eeefcc423598b0ceb5941eaca8e753f3f9eb99b875b2a53eb02", kill_on_drop: false }`
[INFO] running `Command { std: "docker" "rm" "-f" "b31085c13ff80eeefcc423598b0ceb5941eaca8e753f3f9eb99b875b2a53eb02", kill_on_drop: false }`
[INFO] [stdout] b31085c13ff80eeefcc423598b0ceb5941eaca8e753f3f9eb99b875b2a53eb02
